List the prime factors of 21346268.
2, 1663, 3209
What are the prime factors of 3948112?
2, 7, 35251
List the prime factors of 31912812.
2, 3, 47, 6287
List the prime factors of 7964930.
2, 5, 796493
List the prime factors of 2591399104.
2, 7, 826339
What are the prime factors of 511600122?
2, 3, 11, 2583839
List the prime factors of 136271468.
2, 3919, 8693
List the prime factors of 5944936273.
3581, 1660133
List the prime factors of 35187182.
2, 271, 64921
List the prime factors of 427527778.
2, 19, 71, 211, 751
List the prime factors of 1034987678.
2, 809, 639671
What are the prime factors of 8845455842?
2, 4422727921
List the prime factors of 1892925906.
2, 3, 31, 328291
List the prime factors of 1322661778.
2, 17, 38901817
What are the prime factors of 5274266883?
3, 223, 1129, 6983
List the prime factors of 1266877147.
1266877147
List the prime factors of 355256163.
3, 39472907
List the prime factors of 227094209.
4507, 50387
List the prime factors of 346974310.
2, 5, 43, 806917
List the prime factors of 335464554.
2, 3, 55910759
List the prime factors of 105412246.
2, 331, 159233
List the prime factors of 519878107.
7, 74268301
What are the prime factors of 81479784?
2, 3, 293, 11587
What are the prime factors of 149617671?
3, 7, 7124651
List the prime factors of 882397872.
2, 3, 6127763
What are the prime factors of 620613292?
2, 13, 918067
List the prime factors of 9776871.
3, 13, 83563
List the prime factors of 755250.
2, 3, 5, 19, 53
What are the prime factors of 992734189?
41, 241, 100469
List the prime factors of 117304606.
2, 137, 211, 2029
List the prime factors of 474238426.
2, 17, 23, 606443
List the prime factors of 6334342420.
2, 5, 7, 45245303
List the prime factors of 37142931.
3, 7, 37, 6829
List the prime factors of 4630419932.
2, 1157604983
What are the prime factors of 1323275062?
2, 53, 12483727
List the prime factors of 39108153.
3, 7, 29, 64217
List the prime factors of 160777124.
2, 59, 681259
What are the prime factors of 521592472?
2, 107, 609337
What are the prime factors of 2852558762?
2, 23, 62012147
What are the prime factors of 55192848?
2, 3, 59, 19489
What are the prime factors of 1149416692?
2, 37, 7766329
What are the prime factors of 606010587?
3, 7, 13, 337, 941
List the prime factors of 548312750.
2, 5, 2193251
List the prime factors of 2651347.
41, 64667
List the prime factors of 301048349.
7, 131, 233, 1409
What are the prime factors of 1743609387?
3, 13, 3557, 12569
What are the prime factors of 22116199?
7, 601, 751
What are the prime factors of 270897258?
2, 3, 131, 344653
List the prime factors of 500078446.
2, 7, 35719889
What are the prime factors of 1952983292?
2, 13, 47, 799093
What are the prime factors of 485820219?
3, 59, 2744747
What are the prime factors of 579652471?
37, 2239, 6997
List the prime factors of 178231521.
3, 13, 1571, 2909
What are the prime factors of 145931532?
2, 3, 12160961
List the prime factors of 750499739.
11, 31, 149, 14771
What are the prime factors of 199328958?
2, 3, 3691277
List the prime factors of 882476163.
3, 31, 151, 20947
List the prime factors of 50965281.
3, 173, 3637
List the prime factors of 181556512.
2, 577, 9833
List the prime factors of 329010002.
2, 2477, 66413
What are the prime factors of 608368468?
2, 3533, 43049
What are the prime factors of 59177273?
353, 167641
What are the prime factors of 128410665?
3, 5, 8560711
List the prime factors of 388507578.
2, 3, 64751263
List the prime factors of 1355571931.
7, 2447, 79139
What are the prime factors of 86270179?
31, 563, 4943
What are the prime factors of 485891954?
2, 31, 7836967
List the prime factors of 115969882.
2, 7, 19, 43, 10139
List the prime factors of 1663243943.
17, 37, 47, 127, 443
What are the prime factors of 23039009?
7, 101, 32587
What are the prime factors of 1195197342?
2, 3, 17, 401, 29221
What are the prime factors of 24807951?
3, 7, 43753
List the prime factors of 35639936.
2, 278437
List the prime factors of 1600906258.
2, 7, 114350447
What are the prime factors of 29130836?
2, 7, 1040387
What are the prime factors of 87178986?
2, 3, 4843277
List the prime factors of 518123572.
2, 983, 131771
What are the prime factors of 37508906?
2, 23, 815411
What are the prime factors of 35292677?
7, 41, 122971
What are the prime factors of 35563638?
2, 3, 11, 569, 947
List the prime factors of 506001210.
2, 3, 5, 11, 13, 43, 211
List the prime factors of 2315598193.
59, 1129, 34763
List the prime factors of 62705346.
2, 3, 11, 86371
What are the prime factors of 18261798?
2, 3, 59, 79, 653
What are the prime factors of 2150050871?
37, 58109483
What are the prime factors of 52224509?
97, 538397
List the prime factors of 1576994127.
3, 4987, 105407
List the prime factors of 122395840.
2, 5, 7, 101, 541
List the prime factors of 267791872.
2, 523031
What are the prime factors of 565401011?
7, 17, 4751269
List the prime factors of 3156829922.
2, 149, 10593389
What are the prime factors of 12779225?
5, 511169
List the prime factors of 60610273.
269, 293, 769
What are the prime factors of 18282521?
18282521
List the prime factors of 2355226298.
2, 5297, 222317
What are the prime factors of 1348187591?
5419, 248789
List the prime factors of 1607334394.
2, 17, 47274541
List the prime factors of 169317038.
2, 11, 7696229
What are the prime factors of 274831948?
2, 251, 331, 827
List the prime factors of 2916426560.
2, 5, 9113833
List the prime factors of 256792602.
2, 3, 11, 971, 4007
List the prime factors of 188031705.
3, 5, 12535447
What are the prime factors of 53038544?
2, 13, 254993
What are the prime factors of 1961157191?
7, 73, 1193, 3217
What are the prime factors of 194526049?
194526049
List the prime factors of 59723814.
2, 3, 337, 29537
What are the prime factors of 2321730382?
2, 2287, 507593
List the prime factors of 850245.
3, 5, 11, 5153
List the prime factors of 380871612.
2, 3, 11, 523, 613
List the prime factors of 126409895.
5, 43, 467, 1259
List the prime factors of 2124298329.
3, 708099443
What are the prime factors of 3579649668?
2, 3, 7, 373, 38083
List the prime factors of 2062039498.
2, 59, 17474911
List the prime factors of 5251530528.
2, 3, 59, 309059
List the prime factors of 44897751.
3, 1429, 3491
List the prime factors of 1123409270.
2, 5, 112340927
List the prime factors of 48127136.
2, 17, 88469
List the prime factors of 353908847.
853, 414899
List the prime factors of 597369126.
2, 3, 99561521
List the prime factors of 40070430.
2, 3, 5, 19, 73, 107
List the prime factors of 85498590.
2, 3, 5, 23, 123911
List the prime factors of 5976590053.
7, 853798579
What are the prime factors of 131158351?
23, 467, 12211
List the prime factors of 1958196919.
7, 419, 667643
List the prime factors of 82197227.
7, 17, 109, 6337
List the prime factors of 941231956.
2, 7, 19, 59, 157, 191
What are the prime factors of 43431984?
2, 3, 100537
List the prime factors of 275862180.
2, 3, 5, 11, 31, 97, 139
List the prime factors of 2282107208.
2, 29, 1187, 8287
List the prime factors of 136572581.
136572581
What are the prime factors of 25988027?
13, 67, 29837
What are the prime factors of 3718264458?
2, 3, 37, 16748939
What are the prime factors of 423150036?
2, 3, 35262503
List the prime factors of 874589874.
2, 3, 19, 1531, 5011
List the prime factors of 191808974.
2, 7, 47, 291503
List the prime factors of 811321182.
2, 3, 7, 23, 83, 3373
What are the prime factors of 1016670037?
317, 3207161
What are the prime factors of 132643195?
5, 26528639
List the prime factors of 317997048.
2, 3, 1709, 7753
What are the prime factors of 60331214?
2, 30165607
List the prime factors of 3509107552.
2, 109659611
List the prime factors of 74451849.
3, 24817283
List the prime factors of 936856372.
2, 1019, 229847
What are the prime factors of 74688612?
2, 3, 6224051
List the prime factors of 13054858.
2, 37, 176417
List the prime factors of 1685491895.
5, 37, 857, 10631
What are the prime factors of 787616254?
2, 79, 4984913
List the prime factors of 18113536.
2, 7, 19
List the prime factors of 109178147.
13, 227, 36997
List the prime factors of 67912739.
17, 683, 5849
List the prime factors of 636410140.
2, 5, 31820507
List the prime factors of 20993712.
2, 3, 263, 1663
List the prime